{"id":3151,"date":"2024-05-28T17:16:04","date_gmt":"2024-05-28T17:16:04","guid":{"rendered":"https:\/\/intelia-re.com\/?page_id=3151"},"modified":"2025-02-06T18:08:32","modified_gmt":"2025-02-06T18:08:32","slug":"inicio","status":"publish","type":"page","link":"https:\/\/intelia-re.com\/","title":{"rendered":"Inicio"},"content":{"rendered":"<p>[et_pb_section fb_built=&#8221;1&#8243; fullwidth=&#8221;on&#8221; _builder_version=&#8221;4.25.1&#8243; _module_preset=&#8221;default&#8221; custom_margin=&#8221;||||false|false&#8221; custom_padding=&#8221;||||false|false&#8221; global_colors_info=&#8221;{}&#8221;][et_pb_fullwidth_slider show_arrows=&#8221;off&#8221; show_pagination=&#8221;off&#8221; use_bg_overlay=&#8221;off&#8221; _builder_version=&#8221;4.25.1&#8243; _module_preset=&#8221;default&#8221; content_width_tablet=&#8221;&#8221; content_width_phone=&#8221;140%&#8221; content_width_last_edited=&#8221;on|phone&#8221; custom_padding=&#8221;30%||||false|false&#8221; auto=&#8221;on&#8221; auto_speed=&#8221;4000&#8243; auto_ignore_hover=&#8221;on&#8221; global_colors_info=&#8221;{}&#8221;][et_pb_slide admin_title=&#8221;logo&#8221; _builder_version=&#8221;4.25.1&#8243; _module_preset=&#8221;default&#8221; background_enable_color=&#8221;off&#8221; background_image=&#8221;https:\/\/intelia-re.com\/wp-content\/uploads\/2024\/06\/image-9.png&#8221; background_enable_image=&#8221;on&#8221; global_colors_info=&#8221;{}&#8221; sticky_transition=&#8221;on&#8221;][\/et_pb_slide][et_pb_slide admin_title=&#8221;eslogan&#8221; _builder_version=&#8221;4.25.1&#8243; _module_preset=&#8221;default&#8221; background_enable_color=&#8221;off&#8221; background_image=&#8221;https:\/\/intelia-re.com\/wp-content\/uploads\/2024\/06\/image-8.png&#8221; background_enable_image=&#8221;on&#8221; global_colors_info=&#8221;{}&#8221; sticky_transition=&#8221;on&#8221;][\/et_pb_slide][\/et_pb_fullwidth_slider][\/et_pb_section][et_pb_section fb_built=&#8221;1&#8243; custom_padding_last_edited=&#8221;on|phone&#8221; _builder_version=&#8221;4.25.1&#8243; _module_preset=&#8221;default&#8221; background_color=&#8221;#100152&#8243; custom_padding=&#8221;36px||18px||false|false&#8221; custom_padding_tablet=&#8221;36px||18px||false|false&#8221; custom_padding_phone=&#8221;5%||10%||false|false&#8221; locked=&#8221;off&#8221; global_colors_info=&#8221;{}&#8221;][et_pb_row column_structure=&#8221;1_3,1_3,1_3&#8243; custom_padding_last_edited=&#8221;on|phone&#8221; _builder_version=&#8221;4.25.1&#8243; _module_preset=&#8221;default&#8221; custom_padding_tablet=&#8221;&#8221; custom_padding_phone=&#8221;||0%||false|false&#8221; animation_style=&#8221;fade&#8221; animation_duration=&#8221;1300ms&#8221; global_colors_info=&#8221;{}&#8221;][et_pb_column type=&#8221;1_3&#8243; _builder_version=&#8221;4.25.1&#8243; _module_preset=&#8221;default&#8221; global_colors_info=&#8221;{}&#8221;][dipi_hover_box content_title=&#8221;Aval\u00faos&#8221; content_image=&#8221;https:\/\/intelia-re.com\/wp-content\/uploads\/2024\/06\/a-01-1.png&#8221; content_image_width=&#8221;40%&#8221; content_hover_content=&#8221;<\/p>\n<p>Con el fin de estimar un valor comercial de un inmueble realizamos aval\u00faos por medio de un dictamen t\u00e9cnico e imparcial.<\/p>\n<p>&#8221; content_hover_bg_color=&#8221;#090038&#8243; _builder_version=&#8221;4.25.1&#8243; _module_preset=&#8221;default&#8221; content_title_font=&#8221;Inter Tight|700|||||||&#8221; content_title_text_color=&#8221;#100152&#8243; content_title_font_size=&#8221;28px&#8221; content_title_line_height=&#8221;1.3em&#8221; content_hover_title_font=&#8221;DM Sans|600|||||||&#8221; content_hover_title_text_color=&#8221;#FFFFFF&#8221; content_hover_title_font_size=&#8221;40px&#8221; content_hover_desc_font=&#8221;DM Sans||||||||&#8221; content_hover_desc_text_color=&#8221;#FFFFFF&#8221; content_hover_desc_font_size=&#8221;20px&#8221; background_color=&#8221;#FFFFFF&#8221; global_colors_info=&#8221;{}&#8221;][\/dipi_hover_box][\/et_pb_column][et_pb_column type=&#8221;1_3&#8243; _builder_version=&#8221;4.25.1&#8243; _module_preset=&#8221;default&#8221; global_colors_info=&#8221;{}&#8221;][dipi_hover_box content_title=&#8221;Product Mix Ideal&#8221; content_image=&#8221;https:\/\/intelia-re.com\/wp-content\/uploads\/2024\/06\/p-02-1.png&#8221; content_image_width=&#8221;40%&#8221; content_hover_content=&#8221;<\/p>\n<p>Descubriremos los precios y superficies ideales para tu proyecto; estudiando la demanda y la oferta en conjunto de plataformas dedicadas al ramo inmobiliario.<\/p>\n<p>&#8221; content_hover_bg_color=&#8221;#090038&#8243; _builder_version=&#8221;4.25.1&#8243; _module_preset=&#8221;default&#8221; content_title_font=&#8221;Inter Tight|700|||||||&#8221; content_title_text_color=&#8221;#100152&#8243; content_title_font_size=&#8221;28px&#8221; content_title_line_height=&#8221;1.3em&#8221; content_hover_title_font=&#8221;DM Sans|600|||||||&#8221; content_hover_title_text_color=&#8221;#FFFFFF&#8221; content_hover_title_font_size=&#8221;40px&#8221; content_hover_desc_font=&#8221;DM Sans||||||||&#8221; content_hover_desc_text_color=&#8221;#FFFFFF&#8221; content_hover_desc_font_size=&#8221;20px&#8221; background_color=&#8221;#FFFFFF&#8221; global_colors_info=&#8221;{}&#8221;][\/dipi_hover_box][\/et_pb_column][et_pb_column type=&#8221;1_3&#8243; _builder_version=&#8221;4.25.1&#8243; _module_preset=&#8221;default&#8221; global_colors_info=&#8221;{}&#8221;][dipi_hover_box content_title=&#8221;Posicionamiento Comercial&#8221; content_image=&#8221;https:\/\/intelia-re.com\/wp-content\/uploads\/2024\/06\/p-03-1.png&#8221; content_image_width=&#8221;40%&#8221; content_hover_content=&#8221;<\/p>\n<p>Reporte de mercado donde el principal objetivo es ubicar tu desarrollo inmobiliario vigente con el resto de la competencia, complementado con nuestro an\u00e1lisis y sugerencias.<\/p>\n<p>&#8221; content_hover_bg_color=&#8221;#090038&#8243; _builder_version=&#8221;4.25.1&#8243; _module_preset=&#8221;default&#8221; content_title_font=&#8221;Inter Tight|700|||||||&#8221; content_title_text_color=&#8221;#100152&#8243; content_title_font_size=&#8221;28px&#8221; content_title_line_height=&#8221;1.3em&#8221; content_hover_title_font=&#8221;DM Sans|600|||||||&#8221; content_hover_title_text_color=&#8221;#FFFFFF&#8221; content_hover_title_font_size=&#8221;40px&#8221; content_hover_desc_font=&#8221;DM Sans||||||||&#8221; content_hover_desc_text_color=&#8221;#FFFFFF&#8221; content_hover_desc_font_size=&#8221;20px&#8221; background_color=&#8221;#FFFFFF&#8221; global_colors_info=&#8221;{}&#8221;][\/dipi_hover_box][\/et_pb_column][\/et_pb_row][et_pb_row column_structure=&#8221;1_3,1_3,1_3&#8243; _builder_version=&#8221;4.25.1&#8243; _module_preset=&#8221;default&#8221; animation_style=&#8221;fade&#8221; animation_duration=&#8221;1300ms&#8221; global_colors_info=&#8221;{}&#8221;][et_pb_column type=&#8221;1_3&#8243; _builder_version=&#8221;4.25.1&#8243; _module_preset=&#8221;default&#8221; global_colors_info=&#8221;{}&#8221;][dipi_hover_box content_title=&#8221;Din\u00e1mica Inmobiliaria&#8221; content_image=&#8221;https:\/\/intelia-re.com\/wp-content\/uploads\/2024\/06\/d-04-1.png&#8221; content_image_width=&#8221;40%&#8221; content_hover_content=&#8221;<\/p>\n<p>Diagn\u00f3stico de la din\u00e1mica y contexto dentro de una plaza o ubicaci\u00f3n en especifico combinado con la demanda.<\/p>\n<p>&#8221; hover_direction=&#8221;bottom&#8221; content_hover_bg_color=&#8221;#090038&#8243; _builder_version=&#8221;4.25.1&#8243; _module_preset=&#8221;default&#8221; content_title_font=&#8221;Inter Tight|700|||||||&#8221; content_title_text_color=&#8221;#100152&#8243; content_title_font_size=&#8221;28px&#8221; content_title_line_height=&#8221;1.3em&#8221; content_hover_title_font=&#8221;DM Sans|600|||||||&#8221; content_hover_title_text_color=&#8221;#FFFFFF&#8221; content_hover_title_font_size=&#8221;40px&#8221; content_hover_desc_font=&#8221;DM Sans||||||||&#8221; content_hover_desc_text_color=&#8221;#FFFFFF&#8221; content_hover_desc_font_size=&#8221;20px&#8221; background_color=&#8221;#FFFFFF&#8221; global_colors_info=&#8221;{}&#8221;][\/dipi_hover_box][\/et_pb_column][et_pb_column type=&#8221;1_3&#8243; _builder_version=&#8221;4.25.1&#8243; _module_preset=&#8221;default&#8221; global_colors_info=&#8221;{}&#8221;][dipi_hover_box content_title=&#8221;Right Site Selection&#8221; content_image=&#8221;https:\/\/intelia-re.com\/wp-content\/uploads\/2024\/06\/r-06.png&#8221; content_image_width=&#8221;40%&#8221; content_hover_content=&#8221;<\/p>\n<p>Location, Location, Location. Encontraremos el mejor sitio\/zona\/local comercial para la realizaci\u00f3n de tu proyecto.<\/p>\n<p>&#8221; hover_direction=&#8221;bottom&#8221; content_hover_bg_color=&#8221;#090038&#8243; _builder_version=&#8221;4.25.1&#8243; _module_preset=&#8221;default&#8221; content_title_font=&#8221;Inter Tight|700|||||||&#8221; content_title_text_color=&#8221;#100152&#8243; content_title_font_size=&#8221;28px&#8221; content_title_line_height=&#8221;1.3em&#8221; content_hover_title_font=&#8221;DM Sans|600|||||||&#8221; content_hover_title_text_color=&#8221;#FFFFFF&#8221; content_hover_title_font_size=&#8221;40px&#8221; content_hover_desc_font=&#8221;DM Sans||||||||&#8221; content_hover_desc_text_color=&#8221;#FFFFFF&#8221; content_hover_desc_font_size=&#8221;20px&#8221; background_color=&#8221;#FFFFFF&#8221; global_colors_info=&#8221;{}&#8221;][\/dipi_hover_box][\/et_pb_column][et_pb_column type=&#8221;1_3&#8243; _builder_version=&#8221;4.25.1&#8243; _module_preset=&#8221;default&#8221; global_colors_info=&#8221;{}&#8221;][dipi_hover_box content_title=&#8221;Potencial Inmobiliario&#8221; content_image=&#8221;https:\/\/intelia-re.com\/wp-content\/uploads\/2024\/06\/p-05.png&#8221; content_image_width=&#8221;40%&#8221; content_hover_content=&#8221;<\/p>\n<p>Modelado del suelo m\u00e1s rentable mediante estudios de mercado, modelos financieros y esquemas arquitect\u00f3nicos.<\/p>\n<p>&#8221; hover_direction=&#8221;bottom&#8221; content_hover_bg_color=&#8221;#090038&#8243; _builder_version=&#8221;4.25.1&#8243; _module_preset=&#8221;default&#8221; content_title_font=&#8221;Inter Tight|700|||||||&#8221; content_title_text_color=&#8221;#100152&#8243; content_title_font_size=&#8221;28px&#8221; content_title_line_height=&#8221;1.3em&#8221; content_hover_title_font=&#8221;DM Sans|600|||||||&#8221; content_hover_title_text_color=&#8221;#FFFFFF&#8221; content_hover_title_font_size=&#8221;40px&#8221; content_hover_desc_font=&#8221;DM Sans||||||||&#8221; content_hover_desc_text_color=&#8221;#FFFFFF&#8221; content_hover_desc_font_size=&#8221;20px&#8221; background_color=&#8221;#FFFFFF&#8221; global_colors_info=&#8221;{}&#8221;][\/dipi_hover_box][\/et_pb_column][\/et_pb_row][et_pb_row column_structure=&#8221;1_3,2_3&#8243; custom_padding_last_edited=&#8221;on|phone&#8221; _builder_version=&#8221;4.25.1&#8243; _module_preset=&#8221;default&#8221; custom_padding_tablet=&#8221;&#8221; custom_padding_phone=&#8221;0%||0%||false|false&#8221; animation_style=&#8221;fade&#8221; animation_duration=&#8221;1200ms&#8221; global_colors_info=&#8221;{}&#8221;][et_pb_column type=&#8221;1_3&#8243; _builder_version=&#8221;4.25.1&#8243; _module_preset=&#8221;default&#8221; global_colors_info=&#8221;{}&#8221;][et_pb_text _builder_version=&#8221;4.25.1&#8243; _module_preset=&#8221;default&#8221; text_font=&#8221;Inter Tight|700|||||||&#8221; text_text_color=&#8221;#FFFFFF&#8221; text_font_size=&#8221;30px&#8221; header_text_align=&#8221;center&#8221; header_text_color=&#8221;#FFFFFF&#8221; transform_scale_tablet=&#8221;&#8221; transform_scale_phone=&#8221;&#8221; transform_scale_last_edited=&#8221;on|desktop&#8221; transform_translate=&#8221;242px|68px&#8221; transform_translate_tablet=&#8221;129px|76px&#8221; transform_translate_phone=&#8221;0px|50px&#8221; transform_translate_last_edited=&#8221;on|desktop&#8221; transform_translate_linked=&#8221;off&#8221; transform_rotate_tablet=&#8221;&#8221; transform_rotate_phone=&#8221;&#8221; transform_rotate_last_edited=&#8221;on|desktop&#8221; transform_skew_tablet=&#8221;&#8221; transform_skew_phone=&#8221;&#8221; transform_skew_last_edited=&#8221;on|desktop&#8221; transform_origin_tablet=&#8221;&#8221; transform_origin_phone=&#8221;&#8221; transform_origin_last_edited=&#8221;on|desktop&#8221; transform_styles_last_edited=&#8221;on|desktop&#8221; text_orientation=&#8221;center&#8221; custom_margin=&#8221;5%||||false|false&#8221; transform_styles_tablet=&#8221;&#8221; transform_styles_phone=&#8221;&#8221; locked=&#8221;off&#8221; global_colors_info=&#8221;{}&#8221;]<\/p>\n<p>All Powered By:<\/p>\n<p>[\/et_pb_text][\/et_pb_column][et_pb_column type=&#8221;2_3&#8243; _builder_version=&#8221;4.25.1&#8243; _module_preset=&#8221;default&#8221; global_colors_info=&#8221;{}&#8221;][et_pb_image src=&#8221;https:\/\/intelia-re.com\/wp-content\/uploads\/2024\/06\/logo-tableu.png&#8221; title_text=&#8221;logo tableu&#8221; align=&#8221;center&#8221; _builder_version=&#8221;4.25.1&#8243; _module_preset=&#8221;default&#8221; transform_scale_tablet=&#8221;&#8221; transform_scale_phone=&#8221;&#8221; transform_scale_last_edited=&#8221;on|desktop&#8221; transform_translate=&#8221;-132px|0px&#8221; transform_translate_tablet=&#8221;-132px|0px&#8221; transform_translate_phone=&#8221;-12px|-15px&#8221; transform_translate_last_edited=&#8221;on|desktop&#8221; transform_translate_linked=&#8221;off&#8221; transform_rotate_tablet=&#8221;&#8221; transform_rotate_phone=&#8221;&#8221; transform_rotate_last_edited=&#8221;on|desktop&#8221; transform_skew_tablet=&#8221;&#8221; transform_skew_phone=&#8221;&#8221; transform_skew_last_edited=&#8221;on|desktop&#8221; transform_origin_tablet=&#8221;&#8221; transform_origin_phone=&#8221;&#8221; transform_origin_last_edited=&#8221;on|desktop&#8221; transform_styles_last_edited=&#8221;on|desktop&#8221; width=&#8221;45%&#8221; width_tablet=&#8221;45%&#8221; width_phone=&#8221;90%&#8221; width_last_edited=&#8221;on|phone&#8221; custom_margin=&#8221;2%|15%|||false|false&#8221; custom_margin_tablet=&#8221;2%|15%|||false|false&#8221; custom_margin_phone=&#8221;10%|||7%|false|false&#8221; custom_margin_last_edited=&#8221;on|phone&#8221; transform_styles_tablet=&#8221;&#8221; transform_styles_phone=&#8221;&#8221; global_colors_info=&#8221;{}&#8221;][\/et_pb_image][\/et_pb_column][\/et_pb_row][et_pb_row _builder_version=&#8221;4.25.1&#8243; _module_preset=&#8221;default&#8221; custom_padding=&#8221;2px||4px|||&#8221; global_colors_info=&#8221;{}&#8221;][et_pb_column type=&#8221;4_4&#8243; _builder_version=&#8221;4.25.1&#8243; _module_preset=&#8221;default&#8221; global_colors_info=&#8221;{}&#8221;][et_pb_button button_url=&#8221;@ET-DC@eyJkeW5hbWljIjp0cnVlLCJjb250ZW50IjoicG9zdF9saW5rX3VybF9wYWdlIiwic2V0dGluZ3MiOnsicG9zdF9pZCI6IjI1OTU3MTY2In19@&#8221; button_text=&#8221;Ver m\u00e1s&#8221; button_alignment=&#8221;center&#8221; _builder_version=&#8221;4.25.1&#8243; _dynamic_attributes=&#8221;button_url&#8221; _module_preset=&#8221;default&#8221; custom_button=&#8221;on&#8221; button_text_size=&#8221;18px&#8221; button_text_color=&#8221;#FFFFFF&#8221; button_bg_color=&#8221;#1a7db2&#8243; button_border_width=&#8221;0px&#8221; button_border_radius=&#8221;3px&#8221; button_font=&#8221;Inter Tight||||||||&#8221; button_icon=&#8221;&#x35;||divi||400&#8243; custom_margin=&#8221;0%||||false|false&#8221; custom_margin_tablet=&#8221;0%||||false|false&#8221; custom_margin_phone=&#8221;0%||3%||false|false&#8221; custom_margin_last_edited=&#8221;on|phone&#8221; animation_style=&#8221;fold&#8221; animation_direction=&#8221;top&#8221; locked=&#8221;off&#8221; global_colors_info=&#8221;{}&#8221;][\/et_pb_button][\/et_pb_column][\/et_pb_row][\/et_pb_section][et_pb_section fb_built=&#8221;1&#8243; _builder_version=&#8221;4.25.1&#8243; _module_preset=&#8221;default&#8221; custom_padding=&#8221;3px||0px|||&#8221; global_colors_info=&#8221;{}&#8221;][et_pb_row _builder_version=&#8221;4.25.1&#8243; _module_preset=&#8221;default&#8221; custom_padding=&#8221;0px||3px|||&#8221; global_colors_info=&#8221;{}&#8221;][et_pb_column type=&#8221;4_4&#8243; _builder_version=&#8221;4.25.1&#8243; _module_preset=&#8221;default&#8221; background_enable_color=&#8221;off&#8221; global_colors_info=&#8221;{}&#8221;][et_pb_text _builder_version=&#8221;4.27.4&#8243; _module_preset=&#8221;default&#8221; text_font=&#8221;Inter Tight|700|||||||&#8221; text_text_color=&#8221;#000000&#8243; text_font_size=&#8221;30px&#8221; text_orientation=&#8221;center&#8221; custom_margin=&#8221;5%||||false|false&#8221; custom_margin_tablet=&#8221;5%||||false|false&#8221; custom_margin_phone=&#8221;12%||||false|false&#8221; custom_margin_last_edited=&#8221;on|phone&#8221; hover_enabled=&#8221;0&#8243; text_font_size_tablet=&#8221;30px&#8221; text_font_size_phone=&#8221;25px&#8221; text_font_size_last_edited=&#8221;on|phone&#8221; global_colors_info=&#8221;{}&#8221; sticky_enabled=&#8221;0&#8243;]<\/p>\n<p>Confian en nosotros&#8230;<\/p>\n<p>[\/et_pb_text][ba_logo_carousel autoplay_speed=&#8221;1800ms&#8221; use_nav=&#8221;off&#8221; slide_spacing=&#8221;6px&#8221; use_both_side_spacing=&#8221;off&#8221; slide_to_scroll=&#8221;2&#8243; nav_height=&#8221;48px&#8221; nav_width=&#8221;48px&#8221; nav_color=&#8221;#ffffff&#8221; nav_bg=&#8221;#3979ff&#8221; icon_left=&#8221;&#xf104;||fa||900&#8243; icon_right=&#8221;&#xf105;||fa||900&#8243; logo_height=&#8221;250px&#8221; logo_width=&#8221;250px&#8221; slide_count_tablet=&#8221;6&#8243; slide_count_phone=&#8221;2&#8243; slide_count_last_edited=&#8221;on|desktop&#8221; logo_height_tablet=&#8221;250px&#8221; logo_height_phone=&#8221;150px&#8221; logo_height_last_edited=&#8221;on|desktop&#8221; _builder_version=&#8221;4.27.4&#8243; _module_preset=&#8221;default&#8221; max_width=&#8221;100%&#8221; custom_margin_tablet=&#8221;&#8221; custom_margin_phone=&#8221;||||false|false&#8221; custom_margin_last_edited=&#8221;on|phone&#8221; hover_enabled=&#8221;0&#8243; global_colors_info=&#8221;{}&#8221; sticky_enabled=&#8221;0&#8243;][ba_logo_carousel_child logo=&#8221;https:\/\/intelia-re.com\/wp-content\/uploads\/2024\/05\/Diseno-sin-titulo-7.png&#8221; _builder_version=&#8221;4.25.1&#8243; custom_margin=&#8221;||||false|true&#8221; custom_padding=&#8221;||||false|true&#8221; global_colors_info=&#8221;{}&#8221;][\/ba_logo_carousel_child][ba_logo_carousel_child logo=&#8221;https:\/\/intelia-re.com\/wp-content\/uploads\/2024\/05\/Diseno-sin-titulo-8.png&#8221; _builder_version=&#8221;4.25.1&#8243; global_colors_info=&#8221;{}&#8221;][\/ba_logo_carousel_child][ba_logo_carousel_child logo=&#8221;https:\/\/intelia-re.com\/wp-content\/uploads\/2024\/05\/Diseno-sin-titulo-9.png&#8221; _builder_version=&#8221;4.25.1&#8243; global_colors_info=&#8221;{}&#8221;][\/ba_logo_carousel_child][ba_logo_carousel_child logo=&#8221;https:\/\/intelia-re.com\/wp-content\/uploads\/2024\/05\/Diseno-sin-titulo-10.png&#8221; _builder_version=&#8221;4.25.1&#8243; global_colors_info=&#8221;{}&#8221;][\/ba_logo_carousel_child][ba_logo_carousel_child logo=&#8221;https:\/\/intelia-re.com\/wp-content\/uploads\/2024\/05\/Diseno-sin-titulo-11.png&#8221; _builder_version=&#8221;4.25.1&#8243; global_colors_info=&#8221;{}&#8221;][\/ba_logo_carousel_child][ba_logo_carousel_child logo=&#8221;https:\/\/intelia-re.com\/wp-content\/uploads\/2024\/05\/Diseno-sin-titulo-12.png&#8221; _builder_version=&#8221;4.25.1&#8243; global_colors_info=&#8221;{}&#8221;][\/ba_logo_carousel_child][ba_logo_carousel_child logo=&#8221;https:\/\/intelia-re.com\/wp-content\/uploads\/2024\/05\/Diseno-sin-titulo-13.png&#8221; _builder_version=&#8221;4.25.1&#8243; global_colors_info=&#8221;{}&#8221;][\/ba_logo_carousel_child][ba_logo_carousel_child logo=&#8221;https:\/\/intelia-re.com\/wp-content\/uploads\/2024\/05\/Diseno-sin-titulo-14.png&#8221; _builder_version=&#8221;4.25.1&#8243; global_colors_info=&#8221;{}&#8221;][\/ba_logo_carousel_child][ba_logo_carousel_child logo=&#8221;https:\/\/intelia-re.com\/wp-content\/uploads\/2024\/05\/Diseno-sin-titulo-15.png&#8221; _builder_version=&#8221;4.25.1&#8243; global_colors_info=&#8221;{}&#8221;][\/ba_logo_carousel_child][ba_logo_carousel_child logo=&#8221;https:\/\/intelia-re.com\/wp-content\/uploads\/2024\/05\/Diseno-sin-titulo-3.png&#8221; _builder_version=&#8221;4.25.1&#8243; global_colors_info=&#8221;{}&#8221;][\/ba_logo_carousel_child][ba_logo_carousel_child logo=&#8221;https:\/\/intelia-re.com\/wp-content\/uploads\/2024\/05\/Diseno-sin-titulo-16.png&#8221; _builder_version=&#8221;4.25.1&#8243; global_colors_info=&#8221;{}&#8221;][\/ba_logo_carousel_child][ba_logo_carousel_child logo=&#8221;https:\/\/intelia-re.com\/wp-content\/uploads\/2024\/05\/Diseno-sin-titulo-17.png&#8221; _builder_version=&#8221;4.25.1&#8243; global_colors_info=&#8221;{}&#8221;][\/ba_logo_carousel_child][ba_logo_carousel_child logo=&#8221;https:\/\/intelia-re.com\/wp-content\/uploads\/2024\/05\/Diseno-sin-titulo-18.png&#8221; _builder_version=&#8221;4.25.1&#8243; global_colors_info=&#8221;{}&#8221;][\/ba_logo_carousel_child][ba_logo_carousel_child logo=&#8221;https:\/\/intelia-re.com\/wp-content\/uploads\/2024\/06\/Imagen2.jpg&#8221; _builder_version=&#8221;4.25.1&#8243; global_colors_info=&#8221;{}&#8221;][\/ba_logo_carousel_child][ba_logo_carousel_child logo=&#8221;https:\/\/intelia-re.com\/wp-content\/uploads\/2024\/06\/Imagen1-1.png&#8221; _builder_version=&#8221;4.25.1&#8243; global_colors_info=&#8221;{}&#8221;][\/ba_logo_carousel_child][ba_logo_carousel_child logo=&#8221;https:\/\/intelia-re.com\/wp-content\/uploads\/2024\/08\/WhatsApp-Image-2024-08-23-at-3.06.21-PM.jpeg&#8221; _builder_version=&#8221;4.27.0&#8243; _module_preset=&#8221;default&#8221; global_colors_info=&#8221;{}&#8221;][\/ba_logo_carousel_child][ba_logo_carousel_child logo=&#8221;https:\/\/intelia-re.com\/wp-content\/uploads\/2025\/02\/WhatsApp-Image-2025-02-06-at-11.53.39-AM.jpeg&#8221; _builder_version=&#8221;4.27.4&#8243; _module_preset=&#8221;default&#8221; hover_enabled=&#8221;0&#8243; global_colors_info=&#8221;{}&#8221; title_text=&#8221;WhatsApp Image 2025-02-06 at 11.53.39 AM&#8221; sticky_enabled=&#8221;0&#8243;][\/ba_logo_carousel_child][ba_logo_carousel_child logo=&#8221;https:\/\/intelia-re.com\/wp-content\/uploads\/2025\/02\/WhatsApp-Image-2025-02-06-at-11.54.28-AM.jpeg&#8221; _builder_version=&#8221;4.27.4&#8243; _module_preset=&#8221;default&#8221; hover_enabled=&#8221;0&#8243; global_colors_info=&#8221;{}&#8221; title_text=&#8221;WhatsApp Image 2025-02-06 at 11.54.28 AM&#8221; sticky_enabled=&#8221;0&#8243;][\/ba_logo_carousel_child][\/ba_logo_carousel][\/et_pb_column][\/et_pb_row][\/et_pb_section]<\/p>\n","protected":false},"excerpt":{"rendered":"<p><div class=\"et_pb_module dipi_hover_box dipi_hover_box_0\">\n\t\t\t\t\n\t\t\t\t\n\t\t\t\t\n\t\t\t\t\n\t\t\t\t\n\t\t\t\t\n\t\t\t\t<div class=\"et_pb_module_inner\">\n\t\t\t\t\t<div class=\"dipi-hover-box-container dipi-hover-box-slide-top hover_box_align_front_center hover_box_align_back_center\" data-force_square=\"off\">\n                <div class=\"dipi-hover-box-inner-wrapper\">\n                    <div class=\"dipi-hover-box-content\">\n              \n              <div class=\"dipi-hover-box-content-innner\">\n                    <div class=\"dipi-content-image-icon-wrap dipi-image-wrap\">\n                    <img decoding=\"async\" src=\"https:\/\/intelia-re.com\/wp-content\/uploads\/2024\/06\/a-01-1.png\" alt=\"\">\n                <\/div>\n                    <div class=\"dipi-text\">\n                        <h2 class=\"dipi-hover-box-heading\">\n                    Aval\u00faos\n                <\/h2>\n                        <div class=\"dipi-desc\"><\/div>\n                    <\/div>\n              <\/div>\n            <\/div>\n            \n                    <div class=\"dipi-hover-box-hover\">\n                \n                <div class=\"dipi-hover-box-hover-innner\">\n                    \n                    <div class=\"dipi-text\">\n                        \n                        <div class=\"dipi-desc\">\n                    Con el fin de estimar un valor comercial de un inmueble realizamos aval\u00faos por medio de un dictamen t\u00e9cnico e imparcial.\n                <\/div>\n                    <\/div>\n                    \n                <\/div>\n            <\/div>\n                <\/div>\n            <\/div>\n\t\t\t\t<\/div>\n\t\t\t<\/div><div class=\"et_pb_module dipi_hover_box dipi_hover_box_1\">\n\t\t\t\t\n\t\t\t\t\n\t\t\t\t\n\t\t\t\t\n\t\t\t\t\n\t\t\t\t\n\t\t\t\t<div class=\"et_pb_module_inner\">\n\t\t\t\t\t<div class=\"dipi-hover-box-container dipi-hover-box-slide-top hover_box_align_front_center hover_box_align_back_center\" data-force_square=\"off\">\n                <div class=\"dipi-hover-box-inner-wrapper\">\n                    <div class=\"dipi-hover-box-content\">\n              \n              <div class=\"dipi-hover-box-content-innner\">\n                    <div class=\"dipi-content-image-icon-wrap dipi-image-wrap\">\n                    <img decoding=\"async\" src=\"&#8221;https:\/\/intelia-re.com\/wp-content\/uploads\/2024\/06\/p-02-1.png&#8221;\" alt=\"\">\n                <\/div>\n                    <div class=\"dipi-text\">\n                        <h2 class=\"dipi-hover-box-heading\">\n                    &#8221;Product\n                <\/h2>\n                        <div class=\"dipi-desc\"><\/div>\n                    <\/div>\n              <\/div>\n            <\/div>\n            \n                    <div class=\"dipi-hover-box-hover\">\n                \n                <div class=\"dipi-hover-box-hover-innner\">\n                    \n                    <div class=\"dipi-text\">\n                        \n                        <div class=\"dipi-desc\">\n                    &#8221;Descubriremos\n                <\/div>\n                    <\/div>\n                    \n                <\/div>\n            <\/div>\n                <\/div>\n            <\/div>\n\t\t\t\t<\/div>\n\t\t\t<\/div><\/p>\n","protected":false},"author":1,"featured_media":0,"parent":0,"menu_order":0,"comment_status":"closed","ping_status":"closed","template":"","meta":{"_et_pb_use_builder":"on","_et_pb_old_content":"<!-- wp:divi\/placeholder \/-->","_et_gb_content_width":"","footnotes":""},"dipi_cpt_category":[],"class_list":["post-3151","page","type-page","status-publish","hentry"],"_links":{"self":[{"href":"https:\/\/intelia-re.com\/index.php\/wp-json\/wp\/v2\/pages\/3151","targetHints":{"allow":["GET"]}}],"collection":[{"href":"https:\/\/intelia-re.com\/index.php\/wp-json\/wp\/v2\/pages"}],"about":[{"href":"https:\/\/intelia-re.com\/index.php\/wp-json\/wp\/v2\/types\/page"}],"author":[{"embeddable":true,"href":"https:\/\/intelia-re.com\/index.php\/wp-json\/wp\/v2\/users\/1"}],"replies":[{"embeddable":true,"href":"https:\/\/intelia-re.com\/index.php\/wp-json\/wp\/v2\/comments?post=3151"}],"version-history":[{"count":84,"href":"https:\/\/intelia-re.com\/index.php\/wp-json\/wp\/v2\/pages\/3151\/revisions"}],"predecessor-version":[{"id":25957779,"href":"https:\/\/intelia-re.com\/index.php\/wp-json\/wp\/v2\/pages\/3151\/revisions\/25957779"}],"wp:attachment":[{"href":"https:\/\/intelia-re.com\/index.php\/wp-json\/wp\/v2\/media?parent=3151"}],"wp:term":[{"taxonomy":"dipi_cpt_category","embeddable":true,"href":"https:\/\/intelia-re.com\/index.php\/wp-json\/wp\/v2\/dipi_cpt_category?post=3151"}],"curies":[{"name":"wp","href":"https:\/\/api.w.org\/{rel}","templated":true}]}}